{"id":231,"date":"2020-08-11T08:21:10","date_gmt":"2020-08-11T07:21:10","guid":{"rendered":"https:\/\/www.kreativwerkstatt-matthiesen.de\/?page_id=231"},"modified":"2023-03-12T08:30:08","modified_gmt":"2023-03-12T07:30:08","slug":"impressum","status":"publish","type":"page","link":"https:\/\/www.kreativwerkstatt-matthiesen.de\/?page_id=231","title":{"rendered":"Impressum"},"content":{"rendered":"\n<p><strong>Impressum<\/strong><\/p>\n\n\n\n<p><strong>Anbieter:<\/strong><\/p>\n\n\n\n<p>Kreativwerkstatt-Matthiesen<br \/>Uta und Seike Matthiesen<br \/>Roffloh 27<br \/>25494 Borstel Hohenraden<\/p>\n\n\n\n<p><strong>Kontakt:<\/strong><br \/>Telefon: 04101-76791<br \/>E-Mail: info@kreativwerkstatt-matthiesen.de<br \/>Website: www.kreativwerkstatt-matthiesen.de<\/p>\n\n\n\n<p>Aufgrund des Kleinunternehmerstatus wird gem\u00e4\u00df \u00a7 19 UStG die MwSt. in der Rechnung nicht ausgewiesen.<\/p>\n\n\n\n<p><strong><u>Haftungshinweis:<\/u><\/strong>&nbsp;Diese Website wurde mit gr\u00f6\u00dfter Sorgfalt erstellt. F\u00fcr die Richtigkeit, Vollst\u00e4ndigkeit und Aktualit\u00e4t der bereitgestellten Informationen kann jedoch keinerlei Gew\u00e4hr \u00fcbernommen werden. Trotz sorgf\u00e4ltiger inhaltlicher Kontrolle \u00fcbernehmen wir keine Haftung f\u00fcr die Inhalte externer Links. F\u00fcr den Inhalt der verlinkten Seiten sind ausschlie\u00dflich deren Betreiber verantwortlich.<\/p>\n\n\n\n<p><strong><u>Copyright-Hinweis:<\/u><\/strong>&nbsp;Alle Photographien und Texte dieser Webseite sind geistiges Eigentum des Betreibers. Das Kopieren \/ Verwenden von Inhalten dieser Seite ist nur nach ausdr\u00fccklicher Zustimmung und unter Angabe der Quelle erlaubt.<\/p>\n","protected":false},"excerpt":{"rendered":"<p>Impressum Anbieter: Kreativwerkstatt-MatthiesenUta und Seike MatthiesenRoffloh 2725494 Borstel Hohenraden Kontakt:Telefon: 04101-76791E-Mail: info@kreativwerkstatt-matthiesen.deWebsite: www.kreativwerkstatt-matthiesen.de Aufgrund des Kleinunternehmerstatus wird gem\u00e4\u00df \u00a7 19 UStG die MwSt. in der Rechnung nicht ausgewiesen. Haftungshinweis:&nbsp;Diese Website wurde mit gr\u00f6\u00dfter Sorgfalt erstellt. F\u00fcr die Richtigkeit, Vollst\u00e4ndigkeit und Aktualit\u00e4t der bereitgestellten Informationen kann jedoch keinerlei Gew\u00e4hr \u00fcbernommen werden. Trotz sorgf\u00e4ltiger inhaltlicher Kontrolle \u00fcbernehmen [&hellip;]<\/p>\n","protected":false},"author":1,"featured_media":0,"parent":0,"menu_order":0,"comment_status":"closed","ping_status":"closed","template":"","meta":{"pgc_sgb_lightbox_settings":"","footnotes":""},"class_list":["post-231","page","type-page","status-publish","hentry"],"_links":{"self":[{"href":"https:\/\/www.kreativwerkstatt-matthiesen.de\/index.php?rest_route=\/wp\/v2\/pages\/231","targetHints":{"allow":["GET"]}}],"collection":[{"href":"https:\/\/www.kreativwerkstatt-matthiesen.de\/index.php?rest_route=\/wp\/v2\/pages"}],"about":[{"href":"https:\/\/www.kreativwerkstatt-matthiesen.de\/index.php?rest_route=\/wp\/v2\/types\/page"}],"author":[{"embeddable":true,"href":"https:\/\/www.kreativwerkstatt-matthiesen.de\/index.php?rest_route=\/wp\/v2\/users\/1"}],"replies":[{"embeddable":true,"href":"https:\/\/www.kreativwerkstatt-matthiesen.de\/index.php?rest_route=%2Fwp%2Fv2%2Fcomments&post=231"}],"version-history":[{"count":8,"href":"https:\/\/www.kreativwerkstatt-matthiesen.de\/index.php?rest_route=\/wp\/v2\/pages\/231\/revisions"}],"predecessor-version":[{"id":2020,"href":"https:\/\/www.kreativwerkstatt-matthiesen.de\/index.php?rest_route=\/wp\/v2\/pages\/231\/revisions\/2020"}],"wp:attachment":[{"href":"https:\/\/www.kreativwerkstatt-matthiesen.de\/index.php?rest_route=%2Fwp%2Fv2%2Fmedia&parent=231"}],"curies":[{"name":"wp","href":"https:\/\/api.w.org\/{rel}","templated":true}]}}